{"id":995,"date":"2020-12-02T15:31:21","date_gmt":"2020-12-02T18:31:21","guid":{"rendered":"https:\/\/isfd158-bue.infd.edu.ar\/sitio\/?page_id=995"},"modified":"2023-12-30T13:33:21","modified_gmt":"2023-12-30T16:33:21","slug":"correlatividadesedfi","status":"publish","type":"page","link":"https:\/\/isfd158-bue.infd.edu.ar\/sitio\/correlatividadesedfi\/","title":{"rendered":"Correlatividades"},"content":{"rendered":"\n<p class=\"has-text-align-center has-base-3-color has-accent-background-color has-text-color has-background has-medium-font-size\"><strong>PROFESORADO DE EDUCACI\u00d3N F\u00cdSICA<br><\/strong>Resoluci\u00f3n 2432\/09<\/p>\n\n\n<div class=\"wp-block-image\">\n<figure class=\"aligncenter size-full is-resized\"><img decoding=\"async\" loading=\"lazy\" src=\"https:\/\/isfd158-bue.infd.edu.ar\/sitio\/wp-content\/uploads\/2023\/12\/image-9.png\" alt=\"\" class=\"wp-image-1261\" width=\"829\" height=\"665\" srcset=\"https:\/\/isfd158-bue.infd.edu.ar\/sitio\/wp-content\/uploads\/2023\/12\/image-9.png 831w, https:\/\/isfd158-bue.infd.edu.ar\/sitio\/wp-content\/uploads\/2023\/12\/image-9-768x616.png 768w\" sizes=\"(max-width: 829px) 100vw, 829px\" \/><\/figure><\/div>\n\n<div class=\"wp-block-image\">\n<figure class=\"aligncenter size-full\"><img decoding=\"async\" loading=\"lazy\" width=\"827\" height=\"314\" src=\"https:\/\/isfd158-bue.infd.edu.ar\/sitio\/wp-content\/uploads\/2023\/12\/image-10.png\" alt=\"\" class=\"wp-image-1262\" srcset=\"https:\/\/isfd158-bue.infd.edu.ar\/sitio\/wp-content\/uploads\/2023\/12\/image-10.png 827w, https:\/\/isfd158-bue.infd.edu.ar\/sitio\/wp-content\/uploads\/2023\/12\/image-10-768x292.png 768w\" sizes=\"(max-width: 827px) 100vw, 827px\" \/><\/figure><\/div>\n\n<div class=\"wp-block-image\">\n<figure class=\"aligncenter size-full\"><img decoding=\"async\" loading=\"lazy\" width=\"828\" height=\"556\" src=\"https:\/\/isfd158-bue.infd.edu.ar\/sitio\/wp-content\/uploads\/2023\/12\/image-11.png\" alt=\"\" class=\"wp-image-1263\" srcset=\"https:\/\/isfd158-bue.infd.edu.ar\/sitio\/wp-content\/uploads\/2023\/12\/image-11.png 828w, https:\/\/isfd158-bue.infd.edu.ar\/sitio\/wp-content\/uploads\/2023\/12\/image-11-768x516.png 768w\" sizes=\"(max-width: 828px) 100vw, 828px\" \/><\/figure><\/div>\n\n<div class=\"wp-block-image\">\n<figure class=\"aligncenter size-full\"><img decoding=\"async\" loading=\"lazy\" width=\"829\" height=\"508\" src=\"https:\/\/isfd158-bue.infd.edu.ar\/sitio\/wp-content\/uploads\/2023\/12\/image-13.png\" alt=\"\" class=\"wp-image-1265\" srcset=\"https:\/\/isfd158-bue.infd.edu.ar\/sitio\/wp-content\/uploads\/2023\/12\/image-13.png 829w, https:\/\/isfd158-bue.infd.edu.ar\/sitio\/wp-content\/uploads\/2023\/12\/image-13-768x471.png 768w\" sizes=\"(max-width: 829px) 100vw, 829px\" \/><\/figure><\/div>\n\n<div class=\"wp-block-image\">\n<figure class=\"aligncenter size-full\"><img decoding=\"async\" loading=\"lazy\" width=\"830\" height=\"180\" src=\"https:\/\/isfd158-bue.infd.edu.ar\/sitio\/wp-content\/uploads\/2023\/12\/image-15.png\" alt=\"\" class=\"wp-image-1267\" srcset=\"https:\/\/isfd158-bue.infd.edu.ar\/sitio\/wp-content\/uploads\/2023\/12\/image-15.png 830w, https:\/\/isfd158-bue.infd.edu.ar\/sitio\/wp-content\/uploads\/2023\/12\/image-15-768x167.png 768w\" sizes=\"(max-width: 830px) 100vw, 830px\" \/><\/figure><\/div>","protected":false},"excerpt":{"rendered":"<p>PROFESORADO DE EDUCACI\u00d3N F\u00cdSICAResoluci\u00f3n 2432\/09<\/p>\n","protected":false},"author":69,"featured_media":0,"parent":0,"menu_order":0,"comment_status":"closed","ping_status":"closed","template":"","meta":[],"acf":[],"_links":{"self":[{"href":"https:\/\/isfd158-bue.infd.edu.ar\/sitio\/wp-json\/wp\/v2\/pages\/995"}],"collection":[{"href":"https:\/\/isfd158-bue.infd.edu.ar\/sitio\/wp-json\/wp\/v2\/pages"}],"about":[{"href":"https:\/\/isfd158-bue.infd.edu.ar\/sitio\/wp-json\/wp\/v2\/types\/page"}],"author":[{"embeddable":true,"href":"https:\/\/isfd158-bue.infd.edu.ar\/sitio\/wp-json\/wp\/v2\/users\/69"}],"replies":[{"embeddable":true,"href":"https:\/\/isfd158-bue.infd.edu.ar\/sitio\/wp-json\/wp\/v2\/comments?post=995"}],"version-history":[{"count":3,"href":"https:\/\/isfd158-bue.infd.edu.ar\/sitio\/wp-json\/wp\/v2\/pages\/995\/revisions"}],"predecessor-version":[{"id":1270,"href":"https:\/\/isfd158-bue.infd.edu.ar\/sitio\/wp-json\/wp\/v2\/pages\/995\/revisions\/1270"}],"wp:attachment":[{"href":"https:\/\/isfd158-bue.infd.edu.ar\/sitio\/wp-json\/wp\/v2\/media?parent=995"}],"curies":[{"name":"wp","href":"https:\/\/api.w.org\/{rel}","templated":true}]}}