{"id":877,"date":"2020-11-27T18:23:33","date_gmt":"2020-11-27T21:23:33","guid":{"rendered":"https:\/\/isfd158-bue.infd.edu.ar\/sitio\/?page_id=877"},"modified":"2020-11-27T18:23:33","modified_gmt":"2020-11-27T21:23:33","slug":"rol-profesional-y-campo-laboral-4","status":"publish","type":"page","link":"https:\/\/isfd158-bue.infd.edu.ar\/sitio\/rol-profesional-y-campo-laboral-4\/","title":{"rendered":"Rol Profesional y Campo Laboral"},"content":{"rendered":"<h1 style=\"text-align: center;\"><span style=\"color: #008000;\">Rol Profesional y Campo Laboral<\/span><\/h1>\n<h3 style=\"text-align: center;\"><span style=\"color: #339966;\">TECNICATURA SUPERIOR EN ADMINISTRACI\u00d3N CONTABLE\u00a0 (Res. N\u00b0 273\/03)\u00a0<\/span><\/h3>\n<p><strong>PERFIL PROFESIONAL <\/strong><\/p>\n<p>El T\u00e9cnico Superior en Administraci\u00f3n es un profesional que estar\u00e1 capacitado para desarrollar las competencias para: organizar, programar, ejecutar y controlar las operaciones comerciales, financieras y administrativas de la organizaci\u00f3n; elaborar, controlar y registrar el flujo de informaci\u00f3n; organizar y planificar los recursos referidos para desarrollar sus actividades interactuando con el entorno y participando en la toma de decisiones relacionadas con sus actividades. Coordinando equipos de trabajo relacionado con su especialidad. Estas competencias ser\u00e1n desarrolladas seg\u00fan las incumbencias y las normas t\u00e9cnicas y legales que rigen su campo profesional.<\/p>\n<p><strong>\u00c1REA OCUPACIONAL <\/strong><\/p>\n<p>El T\u00e9cnico Superior en Administraci\u00f3n podr\u00e1 desarrollar sus actividades en grandes empresas, peque\u00f1as y medianas empresas y microemprendimientos como tambi\u00e9n en el sector terciario. Los roles del T\u00e9cnico Superior podr\u00e1n ser, desde fuertemente espec\u00edficos, hasta marcadamente globales y de gesti\u00f3n; variando con el tama\u00f1o, contenido tecnol\u00f3gico y tipo de tama\u00f1o y gesti\u00f3n de la empresa en la que se desempe\u00f1e. En empresas de mayor tama\u00f1o, participa, desde sus tareas espec\u00edficas, dentro del equipo de gesti\u00f3n (trabajo en grupos, en c\u00e9lulas, etc.), increment\u00e1ndose la participaci\u00f3n en los aspectos m\u00e1s estrat\u00e9gicos y de la toma de decisiones a medida que el tama\u00f1o de la empresa disminuye. El trabajo coordinado, en equipo y de interrelaci\u00f3n con otros sectores ocupa un lugar clave en las actividades de proyecto, dise\u00f1o y gesti\u00f3n. Las funciones propias de este perfil pueden diferenciarse de los distintos funcionarios seg\u00fan los grados de decisi\u00f3n, autonom\u00eda, responsabilidad, especificidad y la rutina de los roles que detenten en la organizaci\u00f3n. Podr\u00e1 cumplir distintas funciones dentro de la organizaci\u00f3n como ser:<\/p>\n<ul>\n<li>Direcci\u00f3n y planeamiento<\/li>\n<li>Producci\u00f3n<\/li>\n<li>Recursos Humanos<\/li>\n<li>Compras<\/li>\n<li>Comercializaci\u00f3n y Comercio Exterior<\/li>\n<li>Financiaci\u00f3n<\/li>\n<li>Contabilizaci\u00f3n<\/li>\n<li>Gesti\u00f3n integral<\/li>\n<\/ul>\n<p>Las funciones propias de este perfil pueden diferenciarse seg\u00fan los grados de decisi\u00f3n, autonom\u00eda, responsabilidad, especificidad y la rutina de los roles que detenten en la organizaci\u00f3n.<\/p>\n","protected":false},"excerpt":{"rendered":"<p>Rol Profesional y Campo Laboral TECNICATURA SUPERIOR EN ADMINISTRACI\u00d3N CONTABLE\u00a0 (Res. N\u00b0 273\/03)\u00a0 PERFIL PROFESIONAL El T\u00e9cnico Superior en Administraci\u00f3n es un profesional que estar\u00e1 capacitado para desarrollar las competencias para: organizar, programar, ejecutar y controlar las operaciones comerciales, financieras y administrativas de la organizaci\u00f3n; elaborar, controlar y registrar el flujo de informaci\u00f3n; organizar y &#8230; <a title=\"Rol Profesional y Campo Laboral\" class=\"read-more\" href=\"https:\/\/isfd158-bue.infd.edu.ar\/sitio\/rol-profesional-y-campo-laboral-4\/\" aria-label=\"More on Rol Profesional y Campo Laboral\">[+]<\/a><\/p>\n","protected":false},"author":69,"featured_media":0,"parent":0,"menu_order":0,"comment_status":"closed","ping_status":"closed","template":"","meta":[],"acf":[],"_links":{"self":[{"href":"https:\/\/isfd158-bue.infd.edu.ar\/sitio\/wp-json\/wp\/v2\/pages\/877"}],"collection":[{"href":"https:\/\/isfd158-bue.infd.edu.ar\/sitio\/wp-json\/wp\/v2\/pages"}],"about":[{"href":"https:\/\/isfd158-bue.infd.edu.ar\/sitio\/wp-json\/wp\/v2\/types\/page"}],"author":[{"embeddable":true,"href":"https:\/\/isfd158-bue.infd.edu.ar\/sitio\/wp-json\/wp\/v2\/users\/69"}],"replies":[{"embeddable":true,"href":"https:\/\/isfd158-bue.infd.edu.ar\/sitio\/wp-json\/wp\/v2\/comments?post=877"}],"version-history":[{"count":1,"href":"https:\/\/isfd158-bue.infd.edu.ar\/sitio\/wp-json\/wp\/v2\/pages\/877\/revisions"}],"predecessor-version":[{"id":878,"href":"https:\/\/isfd158-bue.infd.edu.ar\/sitio\/wp-json\/wp\/v2\/pages\/877\/revisions\/878"}],"wp:attachment":[{"href":"https:\/\/isfd158-bue.infd.edu.ar\/sitio\/wp-json\/wp\/v2\/media?parent=877"}],"curies":[{"name":"wp","href":"https:\/\/api.w.org\/{rel}","templated":true}]}}