{"id":859,"date":"2020-11-27T17:10:42","date_gmt":"2020-11-27T20:10:42","guid":{"rendered":"https:\/\/isfd158-bue.infd.edu.ar\/sitio\/?page_id=859"},"modified":"2020-11-27T17:18:50","modified_gmt":"2020-11-27T20:18:50","slug":"rol-profesional-y-campo-laboral-3","status":"publish","type":"page","link":"https:\/\/isfd158-bue.infd.edu.ar\/sitio\/rol-profesional-y-campo-laboral-3\/","title":{"rendered":"Rol profesional y Campo laboral"},"content":{"rendered":"<h1 style=\"text-align: center;\"><span style=\"color: #ff0000;\">Rol profesional y Campo laboral<\/span><\/h1>\n<h3 style=\"text-align: center;\"><span style=\"color: #e83131;\"><strong>PROFESORADO DE EDUCACI\u00d3N PRIMARIA (Res. N\u00ba 4154\/07)<\/strong><\/span><\/h3>\n<p>Hoy el docente es un actor clave para reconstruir el sentido sociopol\u00edtico de la escuela.<\/p>\n<p>Por eso se opta por hablar no s\u00f3lo de un maestro\/a <strong>profesional de la ense\u00f1anza<\/strong>, sino tambi\u00e9n de un maestro\/a <strong>pedagogo <\/strong>y tambi\u00e9n <strong>trabajador cultural <\/strong>(transmisor, movilizador y creador cultural). En todos los casos se alude a un trabajador de la educaci\u00f3n, a un trabajador del campo intelectual.<\/p>\n<p>El docente es hacedor de cultura y tiene que ser hacedor del discurso sobre las culturas y la educaci\u00f3n.<\/p>\n<p>En la formaci\u00f3n se reconocen tres prop\u00f3sitos:<\/p>\n<ul>\n<li>el fortalecimiento de la identidad y la significaci\u00f3n social de la profesi\u00f3n docente;<\/li>\n<li>la construcci\u00f3n del maestro\/a como productor colectivo del discurso pedag\u00f3gico;<\/li>\n<li>el posicionamiento activo del maestro\/a como trabajador de la cultura.<\/li>\n<\/ul>\n<p><strong>PERFIL DEL ALUMNO:<\/strong><\/p>\n<p>Esta es una carrera de Formaci\u00f3n de Formadores, por lo que los futuros egresados tienen una important\u00edsima tarea en lo que respecta no s\u00f3lo a la formaci\u00f3n acad\u00e9mica sino a su formaci\u00f3n\u00a0 integral como personas con un posicionamiento \u00e9tico adecuado al rol a desempe\u00f1ar.<\/p>\n<p>Es necesario que quienes elijan esta carrera asuman un fuerte compromiso con su rol, no s\u00f3lo en lo que respecta a un aprendizaje aut\u00f3nomo y responsable sino tambi\u00e9n a un compromiso con su futuro desempe\u00f1o en el \u00e1mbito educativo.<\/p>\n<p>Un alto porcentaje de los alumnos\/as que aspiran a ser docentes, son j\u00f3venes. Es esperable que estos j\u00f3venes, hayan consolidado, o est\u00e9n en v\u00edas de hacerlo, capacidades cognitivas, emotivas y cr\u00edticas correspondientes a esta etapa de desarrollo de sus vidas.<\/p>\n<p>El equilibrio emocional es indispensable para el desempe\u00f1o del rol docente y enriquece las relaciones interpersonales, haci\u00e9ndolas m\u00e1s estables, comprometidas, profundas y comprensivas de puntos de vista diversos y heterog\u00e9neos.<\/p>\n","protected":false},"excerpt":{"rendered":"<p>Rol profesional y Campo laboral PROFESORADO DE EDUCACI\u00d3N PRIMARIA (Res. N\u00ba 4154\/07) Hoy el docente es un actor clave para reconstruir el sentido sociopol\u00edtico de la escuela. Por eso se opta por hablar no s\u00f3lo de un maestro\/a profesional de la ense\u00f1anza, sino tambi\u00e9n de un maestro\/a pedagogo y tambi\u00e9n trabajador cultural (transmisor, movilizador y &#8230; <a title=\"Rol profesional y Campo laboral\" class=\"read-more\" href=\"https:\/\/isfd158-bue.infd.edu.ar\/sitio\/rol-profesional-y-campo-laboral-3\/\" aria-label=\"More on Rol profesional y Campo laboral\">[+]<\/a><\/p>\n","protected":false},"author":69,"featured_media":0,"parent":0,"menu_order":0,"comment_status":"closed","ping_status":"closed","template":"","meta":[],"acf":[],"_links":{"self":[{"href":"https:\/\/isfd158-bue.infd.edu.ar\/sitio\/wp-json\/wp\/v2\/pages\/859"}],"collection":[{"href":"https:\/\/isfd158-bue.infd.edu.ar\/sitio\/wp-json\/wp\/v2\/pages"}],"about":[{"href":"https:\/\/isfd158-bue.infd.edu.ar\/sitio\/wp-json\/wp\/v2\/types\/page"}],"author":[{"embeddable":true,"href":"https:\/\/isfd158-bue.infd.edu.ar\/sitio\/wp-json\/wp\/v2\/users\/69"}],"replies":[{"embeddable":true,"href":"https:\/\/isfd158-bue.infd.edu.ar\/sitio\/wp-json\/wp\/v2\/comments?post=859"}],"version-history":[{"count":3,"href":"https:\/\/isfd158-bue.infd.edu.ar\/sitio\/wp-json\/wp\/v2\/pages\/859\/revisions"}],"predecessor-version":[{"id":873,"href":"https:\/\/isfd158-bue.infd.edu.ar\/sitio\/wp-json\/wp\/v2\/pages\/859\/revisions\/873"}],"wp:attachment":[{"href":"https:\/\/isfd158-bue.infd.edu.ar\/sitio\/wp-json\/wp\/v2\/media?parent=859"}],"curies":[{"name":"wp","href":"https:\/\/api.w.org\/{rel}","templated":true}]}}