{"id":1159,"date":"2023-12-12T15:03:12","date_gmt":"2023-12-12T18:03:12","guid":{"rendered":"https:\/\/isfd158-bue.infd.edu.ar\/sitio\/?page_id=1159"},"modified":"2023-12-30T15:20:37","modified_gmt":"2023-12-30T18:20:37","slug":"solicitud-de-equivalencias","status":"publish","type":"page","link":"https:\/\/isfd158-bue.infd.edu.ar\/sitio\/solicitud-de-equivalencias\/","title":{"rendered":"Solicitud de Equivalencias"},"content":{"rendered":"\n<p class=\"has-base-3-color has-accent-background-color has-text-color has-background has-medium-font-size\"><strong><u>Presentaci\u00f3n de Equivalencias<\/u><\/strong><\/p>\n\n\n\n<p>Un estudiante podr\u00e1 pedir equivalencias de una determinada materia cuando hubiera aprobado estudios de contenidos similares o equivalentes (Finales acreditados, no cursadas parciales), realizados en el mismo Instituto, o en otra Instituci\u00f3n de Nivel Superior, oficial o privada debidamente reconocida, o en una universidad. Por resoluci\u00f3n, los Tramos Pedag\u00f3gicos no otorgan equivalencias.<\/p>\n\n\n\n<p><strong>Per\u00edodo de recepci\u00f3n de solicitudes<\/strong>: 01\/03\/2024 al 31\/03\/2024<\/p>\n\n\n\n<p>Documentaci\u00f3n a entregar al preceptora de la carrera.<\/p>\n\n\n\n<ul>\n<li>Un \u00fanico ejemplar del&nbsp;&nbsp;<strong><a href=\"http:\/\/servicios.abc.gov.ar\/lainstitucion\/sistemaeducativo\/educsuperiorycapeducativa\/procedimientos\/equivalenciaresumen.pdf\">Formulario A14&nbsp;<\/a><\/strong>(<strong>Solicitud de equivalencia, resumen<\/strong>)<\/li>\n\n\n\n<li>Un&nbsp;&nbsp;<strong><a href=\"http:\/\/servicios.abc.gov.ar\/lainstitucion\/sistemaeducativo\/educsuperiorycapeducativa\/procedimientos\/equivalencia_asignatura.pdf\">Formulario A14a<\/a>&nbsp;<\/strong>por cada equivalencia solicitada&nbsp;<strong>&nbsp;(Solicitud de equivalencia, por asignatura)<\/strong>.&nbsp;Cada formulario debe ir acompa\u00f1ado del programa de la materia de la instituci\u00f3n en la que acredit\u00f3 el espacio. Dicho programa deber\u00e1 estar debidamente certificado, es decir, estar firmados y sellados por la instituci\u00f3n donde se curs\u00f3 y acredit\u00f3.<\/li>\n\n\n\n<li><strong>Certificado anal\u00edtico&nbsp;<\/strong>donde conste fecha de acreditaci\u00f3n, calificaci\u00f3n, firma y sello de la instituci\u00f3n.<\/li>\n<\/ul>\n\n\n\n<p>Se podr\u00e1 solicitar equivalencias de espacios curriculares\u00a0<strong>cuyo final se haya\u00a0rendido dentro de los \u00faltimos 6 a\u00f1os<\/strong>, con la carrera terminada o no, seg\u00fan lo establece la normativa vigente. Esto significa que en el a\u00f1o 2024 se puede pedir equivalencia de materias cuyo final se haya rendido a partir del a\u00f1o 2018.<\/p>\n\n\n\n<p><strong>Aclaraci\u00f3n:&nbsp;<\/strong>Las y los estudiantes solicitan equivalencias para unidades curriculares que van &nbsp;de 1\u00b0 a 4\u00b0 a\u00f1o en un mismo pedido&nbsp; (por cambios en la normativa, ya no se reclaman a\u00f1o por a\u00f1o).<\/p>\n","protected":false},"excerpt":{"rendered":"<p>Presentaci\u00f3n de Equivalencias Un estudiante podr\u00e1 pedir equivalencias de una determinada materia cuando hubiera aprobado estudios de contenidos similares o equivalentes (Finales acreditados, no cursadas parciales), realizados en el mismo Instituto, o en otra Instituci\u00f3n de Nivel Superior, oficial o privada debidamente reconocida, o en una universidad. Por resoluci\u00f3n, los Tramos Pedag\u00f3gicos no otorgan equivalencias. &#8230; <a title=\"Solicitud de Equivalencias\" class=\"read-more\" href=\"https:\/\/isfd158-bue.infd.edu.ar\/sitio\/solicitud-de-equivalencias\/\" aria-label=\"More on Solicitud de Equivalencias\">[+]<\/a><\/p>\n","protected":false},"author":61,"featured_media":0,"parent":0,"menu_order":0,"comment_status":"closed","ping_status":"closed","template":"","meta":[],"acf":[],"_links":{"self":[{"href":"https:\/\/isfd158-bue.infd.edu.ar\/sitio\/wp-json\/wp\/v2\/pages\/1159"}],"collection":[{"href":"https:\/\/isfd158-bue.infd.edu.ar\/sitio\/wp-json\/wp\/v2\/pages"}],"about":[{"href":"https:\/\/isfd158-bue.infd.edu.ar\/sitio\/wp-json\/wp\/v2\/types\/page"}],"author":[{"embeddable":true,"href":"https:\/\/isfd158-bue.infd.edu.ar\/sitio\/wp-json\/wp\/v2\/users\/61"}],"replies":[{"embeddable":true,"href":"https:\/\/isfd158-bue.infd.edu.ar\/sitio\/wp-json\/wp\/v2\/comments?post=1159"}],"version-history":[{"count":3,"href":"https:\/\/isfd158-bue.infd.edu.ar\/sitio\/wp-json\/wp\/v2\/pages\/1159\/revisions"}],"predecessor-version":[{"id":1333,"href":"https:\/\/isfd158-bue.infd.edu.ar\/sitio\/wp-json\/wp\/v2\/pages\/1159\/revisions\/1333"}],"wp:attachment":[{"href":"https:\/\/isfd158-bue.infd.edu.ar\/sitio\/wp-json\/wp\/v2\/media?parent=1159"}],"curies":[{"name":"wp","href":"https:\/\/api.w.org\/{rel}","templated":true}]}}